{"id":1021,"date":"2018-03-20T06:49:31","date_gmt":"2018-03-20T06:49:31","guid":{"rendered":"https:\/\/engonien.net\/engonienwiki\/?page_id=1021"},"modified":"2018-06-07T18:01:08","modified_gmt":"2018-06-07T18:01:08","slug":"tannjew-von-norngard","status":"publish","type":"page","link":"https:\/\/engonien.net\/engonienwiki\/?page_id=1021","title":{"rendered":"Tannjew von Norngard"},"content":{"rendered":"<h1 id=\"tannjew_von_norngard\" class=\"sectionedit1\"><\/h1>\n<div class=\"level1\">\n<p><a href=\"https:\/\/engonien.net\/engonienwiki\/wp-content\/uploads\/2018\/03\/tannjew.jpg\"><img decoding=\"async\" loading=\"lazy\" class=\"alignnone size-medium wp-image-1022\" src=\"https:\/\/engonien.net\/engonienwiki\/wp-content\/uploads\/2018\/03\/tannjew-186x300.jpg\" alt=\"\" width=\"186\" height=\"300\" srcset=\"https:\/\/engonien.net\/engonienwiki\/wp-content\/uploads\/2018\/03\/tannjew-186x300.jpg 186w, https:\/\/engonien.net\/engonienwiki\/wp-content\/uploads\/2018\/03\/tannjew.jpg 560w\" sizes=\"(max-width: 186px) 100vw, 186px\" \/><\/a><\/p>\n<p><strong>Herkunft<\/strong>: Ritterlehen Norngard in der Baronie Salmar<\/p>\n<p>Tannjew ist nach Alaron der zweitgeborene Sohn des Freiherren Burgolf von Norngard und dessen Weibe Brun.<\/p>\n<p><strong>Glaube<\/strong>: Engonisches G\u00f6tterpantheon<\/p>\n<p><strong>Gesinnung<\/strong>: Licht<\/p>\n<p><strong>Titel<\/strong>:<\/p>\n<ul>\n<li class=\"level1\">\n<div class=\"li\">Ordensritter im Orden des Heiligen Jeldrik zu Ahrnburg<\/div>\n<\/li>\n<li class=\"level1\">\n<div class=\"li\">Erbe des Ritterlehens Norngard. Er wurde jedoch von Barad Konar (Kaiser Engoniens, F\u00fcrst von Middenfelz, Baron von Salmar) unter dem Vorwand des Vatermordes f\u00fcr ge\u00e4chtet erkl\u00e4rt und all seiner St\u00e4nde und Titel enthoben.<\/div>\n<\/li>\n<li class=\"level1\">\n<div class=\"li\">Hat vom verstorbenen Markgrafen Tristian von Ahrnburg das Rittergut Wiesenquell als Lehen erhalten.<\/div>\n<\/li>\n<\/ul>\n<p><strong>Gruppe<\/strong>:<\/p>\n<ul>\n<li class=\"level1\">\n<div class=\"li\">Geh\u00f6rte zum F\u00fchrungsstab des Widerstandes gegen Kaiser Barad Konar<\/div>\n<\/li>\n<li class=\"level1\">\n<div class=\"li\">Reiste h\u00e4ufig gemeinsam mit Richard Brin als Teil des Engonischen Expeditionskorps<\/div>\n<\/li>\n<li class=\"level1\">\n<div class=\"li\">Ist Mitglied im Orden des heiligen Jeldrik zu Ahrnburg<\/div>\n<\/li>\n<\/ul>\n<p><strong>Ziele<\/strong>:<\/p>\n<ul>\n<li class=\"level1\">\n<div class=\"li\">Entmachtung Barad Konars (erreicht) und Wiedereinsetzung eines rechtm\u00e4\u00dfigen Vertreters f\u00fcr Kaiser Jeldrik, bis dieser wiederkehrt<\/div>\n<\/li>\n<li class=\"level1\">\n<div class=\"li\">Wiederherstellung seiner Ehre, die Barad Konar mit der Anschuldigung des Vatermordes beschmutzt hat<\/div>\n<\/li>\n<li class=\"level1\">\n<div class=\"li\">R\u00fcckgewinnung Norngards, den L\u00e4ndereien seiner Familie (erreicht)<\/div>\n<\/li>\n<li class=\"level1\">\n<div class=\"li\">Wiederaufbau des Tempel der Roten Hirsche zu Ehren der G\u00f6ttin Nedra, der Hausg\u00f6ttin der Familie von Norngard<\/div>\n<\/li>\n<\/ul>\n<p><strong>Macken<\/strong>:<\/p>\n<ul>\n<li class=\"level1\">\n<div class=\"li\">Fest von der Existenz von Wiesenschraten in Wiesenquell \u00fcberzeugt<\/div>\n<\/li>\n<li class=\"level1\">\n<div class=\"li\">Trinkt ein wenig zu viel und vertr\u00e4gt zu wenig<\/div>\n<\/li>\n<\/ul>\n<p><strong>\u00dcber Tannjew<\/strong>: \u201eHerr Tannjew ist einer der ehrenhaftesten M\u00e4nner die mir je begegnet sind. Ich w\u00fcrde ihm jederzeit mein Leben und das meiner M\u00e4nner anvertrauen, was ich auch schon einige Male getan habe. Seine Unerfahrenheit in F\u00fchrungs- und politischen Angelegenheiten macht er mit seinem treuen Herzen und seiner G\u00f6tterf\u00fcrchtigkeit mehr als wett.\u201c Richard Brin von Fingara<\/p>\n<p>\u201eObwohl er manchmal ein wenig unsicher erscheinen mag, ist mein Ordensbruder Tannjew ein treuer und mutiger Krieger, der, wenn es an der Zeit ist, seinen Mann steht, in der Schlacht wie auch auf anderen Schaupl\u00e4tzen, man kann sich jederzeit seinen treuen H\u00e4nden anvertrauen und er wird dich nie ent\u00e4uschen.\u201c Ralf von Kr\u00e4henbroich<\/p>\n<p>\u201eTannjew von Norngard ist ein wahrhaft Edler, auch wenn er einigen Dingen fr\u00f6hnt, die ich niemals guthei\u00dfen kann. Dennoch, es w\u00e4re gelogen w\u00fcrde ich etwas anderes behaupten. So ist er wahrlich nobel, ehrenwert und gro\u00dfz\u00fcgig, aber manchmal solch d\u00fcsterer Stimmung, dass sie auch mich zu erfassen droht. Nedra gebe ihm mehr Vertrauen in sich und seine Entscheidungen. M\u00f6ge SIE ihm ein klein wenig von seiner schweren B\u00fcrde nehmen und ihm die Kraft geben, die er ben\u00f6tigt, um der Freiheit sowie der Gerechtigkeit weiterhin gut zu dienen.\u201c Mika Silberpfeil<\/p>\n<\/div>\n","protected":false},"excerpt":{"rendered":"<p>Herkunft: Ritterlehen Norngard in der Baronie Salmar Tannjew ist nach Alaron der zweitgeborene Sohn des Freiherren Burgolf von Norngard und dessen Weibe Brun. Glaube: Engonisches G\u00f6tterpantheon Gesinnung: Licht Titel: Ordensritter im Orden des Heiligen Jeldrik zu Ahrnburg Erbe des Ritterlehens Norngard. Er wurde jedoch von Barad Konar (Kaiser Engoniens, F\u00fcrst von Middenfelz, Baron von Salmar) &hellip;<\/p>\n<p class=\"read-more\"> <a class=\"\" href=\"https:\/\/engonien.net\/engonienwiki\/?page_id=1021\"> <span class=\"screen-reader-text\">Tannjew von Norngard<\/span> Weiterlesen &raquo;<\/a><\/p>\n","protected":false},"author":1,"featured_media":0,"parent":0,"menu_order":0,"comment_status":"closed","ping_status":"closed","template":"","meta":[],"_links":{"self":[{"href":"https:\/\/engonien.net\/engonienwiki\/index.php?rest_route=\/wp\/v2\/pages\/1021"}],"collection":[{"href":"https:\/\/engonien.net\/engonienwiki\/index.php?rest_route=\/wp\/v2\/pages"}],"about":[{"href":"https:\/\/engonien.net\/engonienwiki\/index.php?rest_route=\/wp\/v2\/types\/page"}],"author":[{"embeddable":true,"href":"https:\/\/engonien.net\/engonienwiki\/index.php?rest_route=\/wp\/v2\/users\/1"}],"replies":[{"embeddable":true,"href":"https:\/\/engonien.net\/engonienwiki\/index.php?rest_route=%2Fwp%2Fv2%2Fcomments&post=1021"}],"version-history":[{"count":1,"href":"https:\/\/engonien.net\/engonienwiki\/index.php?rest_route=\/wp\/v2\/pages\/1021\/revisions"}],"predecessor-version":[{"id":1023,"href":"https:\/\/engonien.net\/engonienwiki\/index.php?rest_route=\/wp\/v2\/pages\/1021\/revisions\/1023"}],"wp:attachment":[{"href":"https:\/\/engonien.net\/engonienwiki\/index.php?rest_route=%2Fwp%2Fv2%2Fmedia&parent=1021"}],"curies":[{"name":"wp","href":"https:\/\/api.w.org\/{rel}","templated":true}]}}