{"id":1334,"date":"2018-04-14T15:46:52","date_gmt":"2018-04-14T15:46:52","guid":{"rendered":"https:\/\/engonien.net\/engonienwiki\/?page_id=1334"},"modified":"2018-06-07T18:01:05","modified_gmt":"2018-06-07T18:01:05","slug":"andre-aus-goldbach","status":"publish","type":"page","link":"https:\/\/engonien.net\/engonienwiki\/?page_id=1334","title":{"rendered":"Andr\u00e9 aus Goldbach"},"content":{"rendered":"<p>Andr\u00e9 wurde als drittes Kind des Goldbacher Schreiners Jacques geboren. Da er der erste m\u00e4nnliche<br \/>\nNachkomme der Familie war, erwartete man nat\u00fcrlich von ihm, dass er das Handwerk seines Vaters<br \/>\nerlernen und eines Tages den Betrieb \u00fcbernehmen w\u00fcrde, doch bedauerlicherweise erwies er sich als<br \/>\nvollkommen untalentiert, was Holz- und Schnitzarbeiten anging. Eine Zeit lang jagte er sich erfolglos<br \/>\nSplitter in die Finger, bis sein Vater schlie\u00dflich einsah, dass aus dem Jungen nie ein Schreiner werden<br \/>\nw\u00fcrde und nach einer anderen Ausbildung f\u00fcr ihn suchte; zu diesem Zeitpunkt war n\u00e4mlich auch endlich<br \/>\nein zweiter Junge unterwegs. Dummerweise fand sich kein Handwerksmeister, der Andr\u00e9 in die Lehre<br \/>\ngenommen h\u00e4tte &#8211; und dann, ein Jahr nach der Geburt des zweiten Sohnes, starb Jacques an der<br \/>\nSchwindsucht. Pl\u00f6tzlich stand die Familie ohne einen Ern\u00e4hrer da, nur mit zwei T\u00f6chtern, die keinen<br \/>\nMann fanden, einem grobmotorischem Taugenichts und einem Baby; noch dazu w\u00fctete nun der<br \/>\nBruderkrieg im Land.<\/p>\n<p>Andr\u00e9 sah sich und die Seinen schon fast in der Gosse enden, als er zur Unterst\u00fctzung der Goldbacher<br \/>\nTruppen in den Milit\u00e4rdienst berufen wurde. Zwar setzte man ihn den folgenden zwei Jahren, die die<br \/>\nletzten des Krieges sein sollten, nur als Botenl\u00e4ufer, Versorger und Barrikadenbauer ein, doch mit seinem<br \/>\nPflichtbewusstsein und seiner Motivation fiel er dem Weibel der Goldbacher Garde auf. Nachdem der<br \/>\nFrieden endlich wieder ins Land zur\u00fcckgekehrt war, rekrutierte dieser Andr\u00e9 also f\u00fcr seine Truppen,<br \/>\nsodass der junge Mann endlich seine St\u00e4rken beweisen und Geld f\u00fcr seine Familie verdienen konnte. Er<br \/>\nst\u00fcrzte sich wie ein Besessener in die Grundausbildung und schloss sie mit \u00e4u\u00dferst guten Ergebnissen ab,<br \/>\nsodass er nun einer der treuesten Gardisten des Weibels ist.<\/p>\n<p>Andr\u00e9s Verhalten ist vor allem gepr\u00e4gt durch eine unersch\u00fctterliche Loyalit\u00e4t gegen\u00fcber dem Waibel, der<br \/>\nBaronin und dem Hause Goldbach. Er verrichtet seinen Dienst leidenschaftlich und pflichtbewusst, wenn<\/p>\n<p>auch manchmal etwas betriebsblind. Insgeheim tr\u00e4umt er davon, Knappe zu werden und eine<br \/>\nRitterlaufbahn einzuschlagen, doch er wei\u00df, dass ihm das als einfacher b\u00fcrgerlicher Gardist niemals<br \/>\nm\u00f6glich sein wird.<\/p>\n","protected":false},"excerpt":{"rendered":"<p>Andr\u00e9 wurde als drittes Kind des Goldbacher Schreiners Jacques geboren. Da er der erste m\u00e4nnliche Nachkomme der Familie war, erwartete man nat\u00fcrlich von ihm, dass er das Handwerk seines Vaters erlernen und eines Tages den Betrieb \u00fcbernehmen w\u00fcrde, doch bedauerlicherweise erwies er sich als vollkommen untalentiert, was Holz- und Schnitzarbeiten anging. Eine Zeit lang jagte &hellip;<\/p>\n<p class=\"read-more\"> <a class=\"\" href=\"https:\/\/engonien.net\/engonienwiki\/?page_id=1334\"> <span class=\"screen-reader-text\">Andr\u00e9 aus Goldbach<\/span> Weiterlesen &raquo;<\/a><\/p>\n","protected":false},"author":1,"featured_media":1365,"parent":0,"menu_order":0,"comment_status":"closed","ping_status":"closed","template":"","meta":[],"_links":{"self":[{"href":"https:\/\/engonien.net\/engonienwiki\/index.php?rest_route=\/wp\/v2\/pages\/1334"}],"collection":[{"href":"https:\/\/engonien.net\/engonienwiki\/index.php?rest_route=\/wp\/v2\/pages"}],"about":[{"href":"https:\/\/engonien.net\/engonienwiki\/index.php?rest_route=\/wp\/v2\/types\/page"}],"author":[{"embeddable":true,"href":"https:\/\/engonien.net\/engonienwiki\/index.php?rest_route=\/wp\/v2\/users\/1"}],"replies":[{"embeddable":true,"href":"https:\/\/engonien.net\/engonienwiki\/index.php?rest_route=%2Fwp%2Fv2%2Fcomments&post=1334"}],"version-history":[{"count":1,"href":"https:\/\/engonien.net\/engonienwiki\/index.php?rest_route=\/wp\/v2\/pages\/1334\/revisions"}],"predecessor-version":[{"id":1335,"href":"https:\/\/engonien.net\/engonienwiki\/index.php?rest_route=\/wp\/v2\/pages\/1334\/revisions\/1335"}],"wp:featuredmedia":[{"embeddable":true,"href":"https:\/\/engonien.net\/engonienwiki\/index.php?rest_route=\/wp\/v2\/media\/1365"}],"wp:attachment":[{"href":"https:\/\/engonien.net\/engonienwiki\/index.php?rest_route=%2Fwp%2Fv2%2Fmedia&parent=1334"}],"curies":[{"name":"wp","href":"https:\/\/api.w.org\/{rel}","templated":true}]}}