{"id":1342,"date":"2018-04-14T15:53:22","date_gmt":"2018-04-14T15:53:22","guid":{"rendered":"https:\/\/engonien.net\/engonienwiki\/?page_id=1342"},"modified":"2018-06-07T18:01:09","modified_gmt":"2018-06-07T18:01:09","slug":"tonara-sayo","status":"publish","type":"page","link":"https:\/\/engonien.net\/engonienwiki\/?page_id=1342","title":{"rendered":"Tonara Sayo"},"content":{"rendered":"<p>Sayo ist imgrunde des Herzens eine sehr zur\u00fcckhaltende Person. Dass Machiko sie f\u00fcr eine diplomatische<br \/>\nMission ausgew\u00e4hlt hat sieht sie als Chance, ihr Wissen zu erweitern.<br \/>\nSie ist nach dem Tod ihrer Mutter direkt nach der Geburt von ihrem Vater einer im Haus lebenden Tante<br \/>\nanvertraut worden. Diese war eine Onna-Bugeisha, eine Frau, die als Kriegerin mit in die Schlachten zog.<br \/>\nVon ihr erlernte sie nicht nur den Umgang mit der Naginata, der Lanze sondern auch die Handhabung von<br \/>\nSchwert und Bogen. Nur reiten war ihr immer eine H\u00fcrde, die sie nicht \u00fcberwinden konnte.<br \/>\nDer Stand ihrer Tante machte es Sayo m\u00f6glich, schon fr\u00fch in Kontakt mit dem F\u00fcrstenhof zu kommen.<br \/>\nDort wurde sie mit den Kindern anderer Adeliger oder hochstehender Pers\u00f6nlichkeiten bekannt. Eine<br \/>\nbesondere Freundschaft verband sie im Laufe der Zeit mit der Dame Machiko no Hoyo. Diese ist eine<br \/>\nTochter aus der Verbindung des F\u00fcrsten mit einer Nebenfrau.<br \/>\nSayos Aufgabe bestand in der Unterhaltung der Dame, ihr zu dienen&#8230;aber sie wurde ihre innigste<br \/>\nVertraute.<br \/>\nDurch die N\u00e4he zur Hafenstadt Nagasaki bestand zwischen der Provinz und der Stadt eine gute<br \/>\nHandelsbeziehung, die unter anderem westliche Waren herein brachte. Eine aufgesch\u00fcttete Insel diente<br \/>\nals ein Dorf in der Stadt, in welchem ausl\u00e4ndischen Schiffen gestattet wurde anzulanden und mit dem<br \/>\nReich Handel zu treiben. Diesem Umstand verdankt Sayo ihre diplomatische Aufgabe. Der Daimyo sah<br \/>\nin seiner Tochter Machiko die ideale Botschafterin und wies sie an, eine Reise zu planen, um engere<br \/>\nBeziehungen mit den westlichen L\u00e4ndern aufzunehmen.<br \/>\nSayo wurde daraufhin auf eine Vorbereitungsreise ausgebildet. Ihr zur Seite sollte eine kleine Abordnung<br \/>\nvon Samurai stehen. Mit dem Wind im November legten sie von Nagasaki ab, wurden aber kurz vor<br \/>\nErreichen der westlichen Landen von Piraten \u00fcberfallen. Bei dem Kampf ging Sayo \u00fcber Bord und wurde<br \/>\nnach zwei Tagen von Fischern gerettet.<br \/>\nSo musste sie allein und zu Fu\u00df \u00fcber Land ihren Weg nach Caldrien finden.<br \/>\nIhre zur\u00fcckhaltende und beobachtende Art l\u00e4sst sie schnell lernen. Mit Erlaubnis der Dame Machiko lebt<br \/>\nsie nun am Hof der Baronin zu Goldbach. Ihr Heimweh versucht sie mit verschiedenen Aufgaben und<br \/>\nReisen in der Baronie im Zaum zu halten.<\/p>\n","protected":false},"excerpt":{"rendered":"<p>Sayo ist imgrunde des Herzens eine sehr zur\u00fcckhaltende Person. Dass Machiko sie f\u00fcr eine diplomatische Mission ausgew\u00e4hlt hat sieht sie als Chance, ihr Wissen zu erweitern. Sie ist nach dem Tod ihrer Mutter direkt nach der Geburt von ihrem Vater einer im Haus lebenden Tante anvertraut worden. Diese war eine Onna-Bugeisha, eine Frau, die als &hellip;<\/p>\n<p class=\"read-more\"> <a class=\"\" href=\"https:\/\/engonien.net\/engonienwiki\/?page_id=1342\"> <span class=\"screen-reader-text\">Tonara Sayo<\/span> Weiterlesen &raquo;<\/a><\/p>\n","protected":false},"author":1,"featured_media":1374,"parent":0,"menu_order":0,"comment_status":"closed","ping_status":"closed","template":"","meta":[],"_links":{"self":[{"href":"https:\/\/engonien.net\/engonienwiki\/index.php?rest_route=\/wp\/v2\/pages\/1342"}],"collection":[{"href":"https:\/\/engonien.net\/engonienwiki\/index.php?rest_route=\/wp\/v2\/pages"}],"about":[{"href":"https:\/\/engonien.net\/engonienwiki\/index.php?rest_route=\/wp\/v2\/types\/page"}],"author":[{"embeddable":true,"href":"https:\/\/engonien.net\/engonienwiki\/index.php?rest_route=\/wp\/v2\/users\/1"}],"replies":[{"embeddable":true,"href":"https:\/\/engonien.net\/engonienwiki\/index.php?rest_route=%2Fwp%2Fv2%2Fcomments&post=1342"}],"version-history":[{"count":1,"href":"https:\/\/engonien.net\/engonienwiki\/index.php?rest_route=\/wp\/v2\/pages\/1342\/revisions"}],"predecessor-version":[{"id":1343,"href":"https:\/\/engonien.net\/engonienwiki\/index.php?rest_route=\/wp\/v2\/pages\/1342\/revisions\/1343"}],"wp:featuredmedia":[{"embeddable":true,"href":"https:\/\/engonien.net\/engonienwiki\/index.php?rest_route=\/wp\/v2\/media\/1374"}],"wp:attachment":[{"href":"https:\/\/engonien.net\/engonienwiki\/index.php?rest_route=%2Fwp%2Fv2%2Fmedia&parent=1342"}],"curies":[{"name":"wp","href":"https:\/\/api.w.org\/{rel}","templated":true}]}}