{"id":341,"date":"2018-03-06T17:53:22","date_gmt":"2018-03-06T17:53:22","guid":{"rendered":"https:\/\/engonien.net\/engonienwiki\/?page_id=341"},"modified":"2018-06-07T18:01:07","modified_gmt":"2018-06-07T18:01:07","slug":"341-2","status":"publish","type":"page","link":"https:\/\/engonien.net\/engonienwiki\/?page_id=341","title":{"rendered":"Gorix Feuerklinge"},"content":{"rendered":"<h1 id=\"gorix_feuerklinge\" class=\"sectionedit1\"><\/h1>\n<div class=\"level1\">\n<p><strong>Gorix Feuerklinge<\/strong>, (239 n.J. ) ist ein Gro\u00dfmeistermagus und Vizekanzler zu Ayd\u00b4owl. Er unterrichtet Allgemein- und Ritualmagie. Au\u00dferdem ist er auch der Gildenmeister der Steinmetzgilde in Fanada und ein Mitglied des Wiederstandes gegen Barad Konar.<\/p>\n<p><a class=\"media\" title=\"helden:gorix_1.jpg\" href=\"https:\/\/www.larp-koeln.de\/lib\/exe\/detail.php?id=helden%3Agorix_feuerklinge&amp;media=helden:gorix_1.jpg\"><img decoding=\"async\" loading=\"lazy\" class=\"media\" title=\"250 n.j. Zarorien, Holzenau\" src=\"https:\/\/www.larp-koeln.de\/lib\/exe\/fetch.php?w=240&amp;h=320&amp;tok=6986fd&amp;media=helden:gorix_1.jpg\" alt=\"250 n.j. Zarorien, Holzenau\" width=\"240\" height=\"320\" \/><\/a><\/p>\n<p>(250 n.j. Zarorien, Holzenau)<\/p>\n<\/div>\n<h1 id=\"leben\" class=\"sectionedit2\">Leben<\/h1>\n<div class=\"level1\"><\/div>\n<h2 id=\"elternhaus\" class=\"sectionedit3\">Elternhaus<\/h2>\n<div class=\"level2\">\n<p>Gorix wurde als einziger Sohn des S\u00f6ldners Thoma Feuerklinge und Elisabeth 239 n.J. in Schemurien geboren. Seine Mutter starb bei seiner Geburt. Da der Vater bei einem Auftrag 248 n.J. ums Leben kam zog er nach Zarorien zu seinem Gro\u00dfvater. Im selben Jahr erkannte sein Gro\u00dfvater das magische Potenzial von Gorix.<\/p>\n<\/div>\n<h2 id=\"magiestudium\" class=\"sectionedit4\">Magiestudium<\/h2>\n<div class=\"level2\">\n<p>Mit 18 Jahren begegnete er Laran, der in nach einiger Zeit zum Lehrling nahm und schloss sich dem \u201eBund der Streiter\u201c an. Zusammen zogen sie durch die Mittellande und kamen auch das ein oder andere Mal nach Engonien. Ein Jahr nachdem Laran von Graf Sieghard I. von Zaro, Ministerial f\u00fcr \u00e4u\u00dfere Angelegenheiten des F\u00fcrstentums Zarorien zu seinem Hofmagus gemacht wurde, war auch Gorix bereit, die Meisterw\u00fcrde zu erlangen. Viele Jahre Sp\u00e4ter nach dem er in Engonien beheimatet war wurde er in die Ayd\u00b4owl aufgenommen und dort erlangte er die Gro\u00dfmeister w\u00fcrde.<\/p>\n<\/div>\n<h2 id=\"begleiter_und_lehrling\" class=\"sectionedit5\">Begleiter und Lehrling<\/h2>\n<div class=\"level2\">\n<p>Laran, Akela, Tharak Radnik, Derrek und Wolf Blautann sind alles Mitglieder des \u201eBundes der Streiter\u201c, dem auch Gorix angeh\u00f6rt. Laran war der Meister von Gorix. Von Laran hat er das Verst\u00e4ndnis der Magie und das intelligente Nutzen der Magie gelernt sowie die Kunst der Ritualmagie. Nachdem sich der Bund in Holzenau zur Ruhe gesetzt hatte, schloss sich Gorix Miguel und Sasha an, die er in Zarorien traf. Bald darauf lief ihm in einer Taverne Helene \u00fcber den Weg. Gorix erkannte ihr magisches Potenzial, welches sie allerdings sehr unverantworlich nutzte. Um die Bev\u00f6lkerung vor ihrer wilden Magie zu sch\u00fctzen, nahm er sie unter seine Fuchtel und bildete sie zu einer hervorragenden Magierin aus. Helene lebt zur Zeit in Gorix Haus in Holzenau. W\u00e4hrend einer Feierlichkeit in Lodrien wurde Auranius, damals noch im Gefolge des Herren Baernhelm von Argeste, Gorix vorgestellt. Nach kurzer Zeit gemeinsamen Reisens wurde Auranius zu seinem Lehrling. Einige Jahre sp\u00e4ter, nach dem sich Gorix von den Verfehlungen und den Verrat von Auranius Erholt hatte. Traf er in Condra Temris. Diese Junge und wilde Person Verf\u00fcgte \u00fcber ein Machtpotenzial das Gorix noch nie gesehen hatte, Doch war diese Kraft durch Drachenenergie gest\u00f6rt und so nahm Sich Gorix dem Problem an. Balerian der Barde meldete sich an der Ayd\u00b4owl an, und schon nach kurzer Zeit reiste er, unter der Obhut von Gorix, mit ihm durch das Land.<\/p>\n<\/div>\n<h2 id=\"engonien\" class=\"sectionedit6\">Engonien<\/h2>\n<div class=\"level2\">\n<p><a class=\"media\" title=\"helden:gorix_2.jpg\" href=\"https:\/\/www.larp-koeln.de\/lib\/exe\/detail.php?id=helden%3Agorix_feuerklinge&amp;media=helden:gorix_2.jpg\"><img decoding=\"async\" loading=\"lazy\" class=\"mediaright\" title=\"255 n.J. Engonien\" src=\"https:\/\/www.larp-koeln.de\/lib\/exe\/fetch.php?w=240&amp;h=320&amp;tok=857b23&amp;media=helden:gorix_2.jpg\" alt=\"255 n.J. Engonien\" width=\"240\" height=\"320\" \/><\/a><\/p>\n<p>255 n.J. bereiste Gorix mit den Askariern (damals noch Kleriker der Luna) Engonien. Dort traf er auf riesige Untotenarmeen, die befehligt von Savart Wolfsheim, versuchten Engonien zu \u00fcberrennen. Die einzige M\u00f6glichkeit dieses aufzuhalten bestand darin, Barad Konar, einen Helden der engonischen Geschichte, mit Hilfe einer gro\u00dfen Macht aus dem Reich der Toten zu holen und die Armee aufzuhalten, was damaals auch gelang. Nachdem Barad Konar jedoch Engonien verraten hatte, f\u00fchlte sich Gorix dem Land auf unerkl\u00e4rliche Weise verbunden und beschloss, dorthin zu ziehen.<\/p>\n<\/div>\n<h2 id=\"ayd_owl_und_die_steinmetze\" class=\"sectionedit7\">Ayd\u00b4owl und die Steinmetze<\/h2>\n<div class=\"level2\">\n<p>Um dem Land zu helfen, suchte Gorix im Jahr 257 n.J. den Bund zu Ayd\u00b4owl auf, um mit zu helfen, neue Magier in Engonien auszubilden und auf den Kampf vorzubereiten. Schnell bekam er auch einen Lehrstuhl. Nachdem er in Fanada viel Eifer und Ehrgeiz gezeigt hatte, traten 258 n.J. hochrangige Mitglieder der Steinmetzgilde zu Gorix, um ihn als intelligenten und kompetenten Nachfolger ihres verstorbenen Gildenmeisters einzusetzen. Mit seinen Beziehungen im Stadtrat und der Steinmetzgilde konnte er der Ayd\u00b4owl Ein Geb\u00e4ude in Fanada bauen. Nach vollendung des Baus wurde Gorix Die leitung der Akademie angeboten doch er lehnte ab, da Magus Sanctum Ezekiel Stauffer in seiner sich eine bessere Wahl war. So wurde Gorix zum Viezekanzler der Ayd\u00b4owl<\/p>\n<\/div>\n<h2 id=\"svenja_und_gorix\" class=\"sectionedit8\">Svenja und Gorix<\/h2>\n<div class=\"level2\">\n<p>(Platzhalter)<\/p>\n<\/div>\n<h1 id=\"freundschaft_mit_den_askariern\" class=\"sectionedit9\">Freundschaft mit den Askariern<\/h1>\n<div class=\"level1\"><\/div>\n<h2 id=\"sasha_und_miguel\" class=\"sectionedit10\">Sasha und Miguel<\/h2>\n<div class=\"level2\">\n<p>Gorix begleitete Laran 250 n.J zum Hof von Zarorien, um einige magische Probleme zu diskutieren. Dort traf er Sasha, die in ihre damalige Heimat Kaltenbach wollte. Da Gorix`Ziel, Holzenau auf dem Weg lag, reisten sie zusammen. Auf der Reise lernten sich Sasha, Gorix und Miguel besser kennen und der Rest ist Geschichte \u2026<\/p>\n<\/div>\n<h2 id=\"tempel_des_askar_in_engonien\" class=\"sectionedit11\">Tempel des Askar in Engonien<\/h2>\n<div class=\"level2\">\n<p>Nach dem Gorix 258 n.J. Gildenmeister der Steinmetzgilde war, beschloss er den Askariern mit den Mitteln der Steinmetze bei Bau ihres Tempels unter die Arme zu greifen.<\/p>\n<\/div>\n<h1 id=\"fanada_jahre_ab_255_nj\" class=\"sectionedit12\">Fanada, Jahre ab 255 n.J<\/h1>\n<div class=\"level1\">\n<p><a class=\"media\" title=\"helden:gorix_3.jpg\" href=\"https:\/\/www.larp-koeln.de\/lib\/exe\/detail.php?id=helden%3Agorix_feuerklinge&amp;media=helden:gorix_3.jpg\"><img decoding=\"async\" loading=\"lazy\" class=\"mediaright\" title=\"Wiederstandstreffen\" src=\"https:\/\/www.larp-koeln.de\/lib\/exe\/fetch.php?w=320&amp;h=240&amp;tok=a5efe6&amp;media=helden:gorix_3.jpg\" alt=\"Wiederstandstreffen\" width=\"320\" height=\"240\" \/><\/a><\/p>\n<\/div>\n<h2 id=\"nj\" class=\"sectionedit13\">255 n.J.<\/h2>\n<div class=\"level2\">\n<p>Gorix beschloss, sich in <a class=\"wikilink1\" title=\"landeskunde:fanada\" href=\"https:\/\/www.larp-koeln.de\/doku.php?id=landeskunde:fanada\">Fanada<\/a> niederzulassen, um etwas \u00fcber die Kultur und Religion von Engonien und seinen B\u00fcrgern zu lernen.<\/p>\n<\/div>\n<h2 id=\"nj1\" class=\"sectionedit14\">256 n.J.<\/h2>\n<div class=\"level2\">\n<p>Gorix schloss sich dem Wiedersand an, und versuchte, viele B\u00fcrger von der Sache zu \u00fcberzeugen.<\/p>\n<\/div>\n<h2 id=\"nj2\" class=\"sectionedit15\">257 n.J.<\/h2>\n<div class=\"level2\">\n<p>Gorix trat dem Bund zu <a class=\"wikilink1\" title=\"helden:akademia_ayd_owl\" href=\"https:\/\/www.larp-koeln.de\/doku.php?id=helden:akademia_ayd_owl\">Ayd\u00b4owl<\/a> bei und wurde dort zum Dozenten.<\/p>\n<\/div>\n<h2 id=\"nj3\" class=\"sectionedit16\">258 n.J.<\/h2>\n<div class=\"level2\">\n<p>Gorix wurde zum Gildenmeister der Steinmetzgilde, lies die Mauern von Fanada ausbauen, unterst\u00fctzte den Askartempel und gab den Auftrag, eine Magierakademie f\u00fcr den Bund zu Ayd\u00b4owl zu bauen.<\/p>\n<\/div>\n<h2 id=\"nj4\" class=\"sectionedit17\">260 n.J.<\/h2>\n<div class=\"level2\">\n<p>Das Akademiegeb\u00e4ude wurde beende und Gorix wurde zu Vizekanzler der <a class=\"wikilink1\" title=\"helden:akademia_ayd_owl\" href=\"https:\/\/www.larp-koeln.de\/doku.php?id=helden:akademia_ayd_owl\">Ayd\u00b4owl<\/a><\/p>\n<\/div>\n<h2 id=\"nj5\" class=\"sectionedit18\">261 n.J.<\/h2>\n<div class=\"level2\">\n<p>Gorix und Svenja wurden ein Paar.<\/p>\n<\/div>\n<h1 id=\"gorix_der_lehrer\" class=\"sectionedit19\">Gorix der Lehrer<\/h1>\n<div class=\"level1\"><\/div>\n<h2 id=\"helene\" class=\"sectionedit20\">Helene<\/h2>\n<div class=\"level2\">\n<p>Helene war Gorix erste Sch\u00fclerin. Er traf sie in einer Taverne, wo sie versuchte mit einem wilden Zauber Gorix zur Freundschaft zu zwingen und ihm dazu zu bringen, ihre Zeche zu bezahlen. Sie war sehr gelehrig allerdings auch oftmals anstrengend. Sie wurde ende 257 n.J. zur Meisterin und bildete eine Affinit\u00e4t zu dem Element Erde aus.<\/p>\n<\/div>\n<h2 id=\"auranius\" class=\"sectionedit21\">Auranius<\/h2>\n<div class=\"level2\">\n<p><a class=\"media\" title=\"helden:gorix_4.jpg\" href=\"https:\/\/www.larp-koeln.de\/lib\/exe\/detail.php?id=helden%3Agorix_feuerklinge&amp;media=helden:gorix_4.jpg\"><img decoding=\"async\" loading=\"lazy\" class=\"mediaright\" title=\"Lehrstunde\" src=\"https:\/\/www.larp-koeln.de\/lib\/exe\/fetch.php?w=320&amp;h=240&amp;tok=87308d&amp;media=helden:gorix_4.jpg\" alt=\"Lehrstunde\" width=\"320\" height=\"240\" \/><\/a> W\u00e4hrend einer Feierlichkeit in Lodrien wurde <a class=\"wikilink1\" title=\"helden:auranius\" href=\"https:\/\/www.larp-koeln.de\/doku.php?id=helden:auranius\">Auranius<\/a>, damals noch im Gefolge des Herren Baernhelm von Argeste, Gorix vorgestellt. Nach kurzer Zeit gemeinsamen Reisens wurde <a class=\"wikilink1\" title=\"helden:auranius\" href=\"https:\/\/www.larp-koeln.de\/doku.php?id=helden:auranius\">Auranius<\/a> zu seinem Lehrling. Seine St\u00e4rken sind die ruhige Herangehensweise an ein Problem was ihn zwar etwas langsamer lernen, aber auch die Lektionen extrem gut verinnerlichen l\u00e4sst und seine klare Logik. Nach dem er Verrat an Gorix beging wurde er nie wieder gesehen.<\/p>\n<\/div>\n<h2 id=\"temris\" class=\"sectionedit22\">Temris<\/h2>\n<div class=\"level2\">\n<p><a class=\"wikilink1\" title=\"helden:temris_shaku_sen_sheog_reschandrin\" href=\"https:\/\/www.larp-koeln.de\/doku.php?id=helden:temris_shaku_sen_sheog_reschandrin\">Te<\/a>m<a class=\"wikilink1\" title=\"helden:temris_shaku_sen_sheog_reschandrin\" href=\"https:\/\/www.larp-koeln.de\/doku.php?id=helden:temris_shaku_sen_sheog_reschandrin\">ris<\/a><\/p>\n<\/div>\n<h2 id=\"balerian\" class=\"sectionedit23\">Balerian<\/h2>\n<div class=\"level2\">\n<p>Balerian<\/p>\n<\/div>\n<h2 id=\"ayd_owl\" class=\"sectionedit24\">Ayd\u00b4owl<\/h2>\n<div class=\"level2\">\n<p>Seid 257 n.J. lehrt Gorix die Allgemein-, Erkenntnis- und Ritualmagie den Sch\u00fclern des Bundes zu Ayd\u00b4owl. Besondere Aufmerksamkeit wendet er der Ritualmagie zu und hat dar\u00fcber auch schon einige Schriften verfasst.<\/p>\n<\/div>\n<h1 id=\"die_baronie_feuerklinge\" class=\"sectionedit25\">Die Baronie Feuerklinge<\/h1>\n<div class=\"level1\"><\/div>\n<h2 id=\"geruechte_und_fakten\" class=\"sectionedit26\">Ger\u00fcchte und Fakten<\/h2>\n<div class=\"level2\">\n<p>Ger\u00fcchten zufolge gibt es eine Verwandtschaft von Gorix Feuerklinge zu dieser Familie. Fakt ist, dass es eine \u00c4hnlichkeit zu den Familienmitgliedern gibt. Seltsam ist allerdings die Tatsache, dass die \u00c4hnlichkeit immer gr\u00f6\u00dfer wird je mehr man den Stammbaum der Familie zur\u00fcck verfolgt.<\/p>\n<\/div>\n","protected":false},"excerpt":{"rendered":"<p>Gorix Feuerklinge, (239 n.J. ) ist ein Gro\u00dfmeistermagus und Vizekanzler zu Ayd\u00b4owl. Er unterrichtet Allgemein- und Ritualmagie. Au\u00dferdem ist er auch der Gildenmeister der Steinmetzgilde in Fanada und ein Mitglied des Wiederstandes gegen Barad Konar. (250 n.j. Zarorien, Holzenau) Leben Elternhaus Gorix wurde als einziger Sohn des S\u00f6ldners Thoma Feuerklinge und Elisabeth 239 n.J. in &hellip;<\/p>\n<p class=\"read-more\"> <a class=\"\" href=\"https:\/\/engonien.net\/engonienwiki\/?page_id=341\"> <span class=\"screen-reader-text\">Gorix Feuerklinge<\/span> Weiterlesen &raquo;<\/a><\/p>\n","protected":false},"author":1,"featured_media":0,"parent":0,"menu_order":0,"comment_status":"closed","ping_status":"closed","template":"","meta":[],"_links":{"self":[{"href":"https:\/\/engonien.net\/engonienwiki\/index.php?rest_route=\/wp\/v2\/pages\/341"}],"collection":[{"href":"https:\/\/engonien.net\/engonienwiki\/index.php?rest_route=\/wp\/v2\/pages"}],"about":[{"href":"https:\/\/engonien.net\/engonienwiki\/index.php?rest_route=\/wp\/v2\/types\/page"}],"author":[{"embeddable":true,"href":"https:\/\/engonien.net\/engonienwiki\/index.php?rest_route=\/wp\/v2\/users\/1"}],"replies":[{"embeddable":true,"href":"https:\/\/engonien.net\/engonienwiki\/index.php?rest_route=%2Fwp%2Fv2%2Fcomments&post=341"}],"version-history":[{"count":4,"href":"https:\/\/engonien.net\/engonienwiki\/index.php?rest_route=\/wp\/v2\/pages\/341\/revisions"}],"predecessor-version":[{"id":376,"href":"https:\/\/engonien.net\/engonienwiki\/index.php?rest_route=\/wp\/v2\/pages\/341\/revisions\/376"}],"wp:attachment":[{"href":"https:\/\/engonien.net\/engonienwiki\/index.php?rest_route=%2Fwp%2Fv2%2Fmedia&parent=341"}],"curies":[{"name":"wp","href":"https:\/\/api.w.org\/{rel}","templated":true}]}}