{"id":361,"date":"2018-03-06T18:05:29","date_gmt":"2018-03-06T18:05:29","guid":{"rendered":"https:\/\/engonien.net\/engonienwiki\/?page_id=361"},"modified":"2018-06-07T18:01:08","modified_gmt":"2018-06-07T18:01:08","slug":"kaiserliche-edikte","status":"publish","type":"page","link":"https:\/\/engonien.net\/engonienwiki\/?page_id=361","title":{"rendered":"Kaiserliche Edikte"},"content":{"rendered":"<h1 id=\"kaiserliche_edikte\" class=\"sectionedit1\"><\/h1>\n<div class=\"level1\"><\/div>\n<h2 id=\"edikt_vom_16_tag_des_12_mondes_256_nach_jeldrik\" class=\"sectionedit2\">Edikt vom 16. Tag des 12. Mondes 256 nach Jeldrik<\/h2>\n<div class=\"level2\">\n<p>Seine Kaiserliche Majest\u00e4t Barad Konar, Auserw\u00e4hlter Sohn Tiors und Imperator Caldriens, erl\u00e4sst das folgende Edikt an den Adel und an das Volk:<\/p>\n<p>1. Das neue Staatswappen ist Schwar-Blau geviertelt, die Herzfarbe ist blau. Darauf der Wolfskopf zu Ehre Tiors.<\/p>\n<p>2. Der Lupus Umbra nimmt ab sofort die Stellung der Kaiserlichen Reichsgarde zum Schutze der inneren Sicherheit und der Grenzen ein. Alle Angeh\u00f6rigen der bisherigen Reichsgarde steht es offen, dem Orden des Lupus Umbra beizutreten oder die Waffen niederzulegen und in Ehren in ein b\u00fcrgerliches Leben zur\u00fcckzukehren.<\/p>\n<p>3. Dem alten Wappen Kaiser Jeldriks ist die Ehre und W\u00fcrde zuteil werden zu lassen, die ihm geb\u00fchrt. Nichtsdestotrotz ist mit sofortiger G\u00fcltigkeit ist das Tragen der alten Reichsfarben in Verbindung mit dem Pegasus in der \u00d6ffentlichkeit unter Strafe gestellt.<\/p>\n<p>4. Alle Adligen der Provinzen Caldrien und Andarra sowie alle W\u00fcrdentr\u00e4ger der Provinzen Tangara und Silvanaja haben bis zum Ablauf des ersten Quartales des Jahres 1 nach Barad Konar seiner Kaiserlichen Majest\u00e4t ausnahmslos die Treue zu schw\u00f6ren.<\/p>\n<p>5. Das Jahr 257 n.J. wird mit dem Jahr 1 n.BK. gleichgesetzt. Die neue Datierung ist f\u00fcr das gesamte Kaiserreich verbindlich.<\/p>\n<p>6. Der Glauben an den Gott Sziv\u00e1r ist verboten. Wer sich \u00f6ffentlich zum Glauben an den Gott Sziv\u00e1r bekennt wird mit der Reichsacht belegt.<\/p>\n<\/div>\n","protected":false},"excerpt":{"rendered":"<p>Edikt vom 16. Tag des 12. Mondes 256 nach Jeldrik Seine Kaiserliche Majest\u00e4t Barad Konar, Auserw\u00e4hlter Sohn Tiors und Imperator Caldriens, erl\u00e4sst das folgende Edikt an den Adel und an das Volk: 1. Das neue Staatswappen ist Schwar-Blau geviertelt, die Herzfarbe ist blau. Darauf der Wolfskopf zu Ehre Tiors. 2. Der Lupus Umbra nimmt ab &hellip;<\/p>\n<p class=\"read-more\"> <a class=\"\" href=\"https:\/\/engonien.net\/engonienwiki\/?page_id=361\"> <span class=\"screen-reader-text\">Kaiserliche Edikte<\/span> Weiterlesen &raquo;<\/a><\/p>\n","protected":false},"author":1,"featured_media":0,"parent":0,"menu_order":0,"comment_status":"closed","ping_status":"closed","template":"","meta":[],"_links":{"self":[{"href":"https:\/\/engonien.net\/engonienwiki\/index.php?rest_route=\/wp\/v2\/pages\/361"}],"collection":[{"href":"https:\/\/engonien.net\/engonienwiki\/index.php?rest_route=\/wp\/v2\/pages"}],"about":[{"href":"https:\/\/engonien.net\/engonienwiki\/index.php?rest_route=\/wp\/v2\/types\/page"}],"author":[{"embeddable":true,"href":"https:\/\/engonien.net\/engonienwiki\/index.php?rest_route=\/wp\/v2\/users\/1"}],"replies":[{"embeddable":true,"href":"https:\/\/engonien.net\/engonienwiki\/index.php?rest_route=%2Fwp%2Fv2%2Fcomments&post=361"}],"version-history":[{"count":1,"href":"https:\/\/engonien.net\/engonienwiki\/index.php?rest_route=\/wp\/v2\/pages\/361\/revisions"}],"predecessor-version":[{"id":362,"href":"https:\/\/engonien.net\/engonienwiki\/index.php?rest_route=\/wp\/v2\/pages\/361\/revisions\/362"}],"wp:attachment":[{"href":"https:\/\/engonien.net\/engonienwiki\/index.php?rest_route=%2Fwp%2Fv2%2Fmedia&parent=361"}],"curies":[{"name":"wp","href":"https:\/\/api.w.org\/{rel}","templated":true}]}}