{"id":371,"date":"2018-03-07T19:00:06","date_gmt":"2018-03-07T19:00:06","guid":{"rendered":"https:\/\/engonien.net\/engonienwiki\/?page_id=371"},"modified":"2018-06-07T18:01:06","modified_gmt":"2018-06-07T18:01:06","slug":"die-drei-grossmeister-der-ayd-owl","status":"publish","type":"page","link":"https:\/\/engonien.net\/engonienwiki\/?page_id=371","title":{"rendered":"Die drei Gro\u00dfmeister der Ayd Owl"},"content":{"rendered":"<h1 id=\"die_drei_grossmeister_der_ayd_owl\" class=\"sectionedit1\"><\/h1>\n<div class=\"level1\">\n<p>Im Jahre 253 nach Jeldrik gr\u00fcndeten drei der m\u00e4chtigsten Magier Engoniens den Bund zu Ayd Owl um die alte Akademie, die vor \u00fcber 250 Jahren aufgeh\u00f6rt hat zu existieren, wieder zu beleben. W\u00e4hrend sie in den ersten Jahren noch selber unterrichteten, so hat mittlerweile die Akademie eine Gr\u00f6\u00dfe erreicht, die es ihnen erlaubt hat die Verwaltungssgesch\u00e4fte in die vertrauensw\u00fcrdigen H\u00e4nde von Kanzler Stauffer zu legen und den Lehrbetreib einer Reihe von f\u00e4higen Magistern zu \u00fcberlassen, w\u00e4hrend sie selber in Andarra in, oder nach den Ruinen der alten Akademie forschen.<\/p>\n<\/div>\n<h2 id=\"cedric_greifenhorst\" class=\"sectionedit2\">Cedric Greifenhorst:<\/h2>\n<div class=\"level2\">\n<p>Aus der Vita Cedric Greifenhorst aus \u201eBer\u00fchmte Magier Engoniens\u201c Auflage 256<\/p>\n<p>Magus Galad et Sanctum Cedric Greifenhorst stammt aus einem Rittergeschlecht aus Voranenburg, einer Nebenlinie der Barone von Feuerklinge. Als Knappe kam er an den Hof des Herzogs von Hanekamp, wo sein magisches Potential entdeckt wurde und er statt der Ritterlaufbahn vom Hofmagus des Herzogs, Fredric Ph\u00f6nixflug, als Lehrling ausgebildet wurde. Neben seinen magischen Talenten \u00fcbte er sich auch stets in der Kriegskunst und machte seines Vaters Familie alle Ehre. Im Sommerturnier von Sinerra ritt er als myster\u00f6ser roter Ritter mit einem roten Kometen auf seinem Schild in den Tjost und wurde erst nach mehreren Siegen von Leomar von Salmar besiegt und enttarnt. Wie in der Familie Ph\u00f6nixflug \u00fcblich wurde er von seinem Lehrmeister am Ende seiner Ausbildung zur Akademie von Donnerheim geschickt um dort die akademische Pr\u00fcfung als Magus Minor abzulegen. Entgegen aller Erwartungen verfehlte er die Pr\u00fcfung und verlie\u00df als Adept die Hallen. Anstatt sich wieder zu seinem Lehrmeister in die Studien zu begeben trat er in die Dienste von Leomar von Salmar, der zu dem Zeitpunkt Oberkommandierender der Caldrischen Reichsgarde geworden war und bereiste mit ihm viele exotische Orte, fremde L\u00e4nder und neue V\u00f6lker. F\u00fcnf Jahre sp\u00e4ter kehrte er an die Akademie von Donnerheim zur\u00fcck und bestand nicht nur die Pr\u00fcfung zum Magus Minor mit bravour, sondern legte auch als erster Sch\u00fcler in der Geschichte der Hallen der geistigen Kraft zeitgleich die Pr\u00fcfungen zum Magus Galad und zum Magus Sanctum ab. Beeindruckt von seinen F\u00e4higkeiten wurde ihm ein Lehrauftrag an der Akademie angeboten, den er allerdings ausschlug um in den Dienste des Senates zu treten und zum ersten Reichsmagus seit 25 Jahren bef\u00f6rdert zu werden. W\u00e4hrend seiner T\u00e4tigkeit f\u00fcr den Senat verlieh man ihm f\u00fcr seine gro\u00dfen Taten sowohl des Jeldriks, als auch den Pegasusorden, bevor er im Alter von 56 Jahren aus dem Dienst ausstieg um den Bund zu Ayd Owl zu gr\u00fcnden.<\/p>\n<\/div>\n<h2 id=\"salasar_scelletarius\" class=\"sectionedit3\">Salasar Scelletarius:<\/h2>\n<div class=\"level2\">\n<p>Aus der der Vita von Magus Anima et Necro Salasar Scelletarius aus \u201eBer\u00fchmte Magier Engoniens\u201c Auflage 256<\/p>\n<p>Viola Scelletarius kam als Fl\u00fcchtling aus dem Wald von Arden nach Uld und wurde wegen ihrer magischen F\u00e4higkeiten, obwohl sie schwanger war, vom Haus Monteleone als Mitglied aufgenommen. Ihr Sohn Salasar wuchs unter dem Namen Salasar Monteleone auf und wurde in jugendlichem Alter an die Akademie zu Donnerheim geschickt, wo er als Magus Minor die Ausbildung abschloss. W\u00e4hrenddessen hatte seine Mutter erneut geheiratet und war aus Uld weggezogen, doch trotzdem zog es den jungen Salasar Montelone zur\u00fcck in seine Heimatstadt und er organisierte die erste wissenschaftliche Expedition in den Wald von Arden. Die Expedition endete in einer gro\u00dfen Katastrophe und alle Teilnehmer au\u00dfer Raverna Rabenschwinge, und Salasar Monteleone wurden get\u00f6tet. Ihnen beiden allein gelang die Flucht mit, wie man noch heute in Magierkreisen munkelt, unvergleichlichem magischen Wissen. W\u00e4hrenddessen starb Viola Scelletarius und ihr Ehemann eines furchtbaren Todes durch, wie man heute sagt, die Hand von Salasars Vater und Raverna Rabenschwinge und Salasar machten sich zusammen an die Verfolgung. Ohne zun\u00e4chst ersichtlichen Grund kehrte Magus Minor Monteleaone allerdings zwei Jahre sp\u00e4ter pl\u00f6tzlich an die Akademie zu Donnerheim zur\u00fcck, wo er die Pr\u00fcfung als Magus Anima abzulegen vorgab. Doch bei der Pr\u00fcfung entlarvte er durch Anwendung eines bis dato unbekannten Zaubers ein Mitglied des Pr\u00fcfungsrates als Schwindler, Hochstapler und M\u00f6rder seiner Mutter und vieler anderer. Der M\u00f6rder wurde gefangengesezt und in Donnerheim verurteilt und Salasar, der nun zum Andenken an seine Mutter seinen Namen in Scelletarius \u00e4nderte, wurden die W\u00fcrden eines Magus Anima zugestanden. Die Jahre darauf verbrachte er in Andarra, bis er dort zusammen mit Rabenschwinge unter der Aufsicht der Reichsgarde und der Akademie von Donnerheim angeblich das Magnus Opus der Nekromantie vollzog. Alle Berichte dazu liegen unter Verschluss, doch allein die Tatsache, dass die Akademie trotz erheblichen Widerstandes in h\u00f6chsten Adelskreises und sogar gegen den Wunsch der K\u00f6nigin selber zum ersten und einzigen Male in ihrer Geschichte den Titel des Magus Necro verliehen hat, sollte Beweis genug sein, dass dort Geschehnisse von immensem Interesse vorgegangen sind. Nach dem Verschwinden der Expedition des Oberkommandierenden der Reichsgarde von Tangara in den Wald von Arden wurde eine Rettungsmission unter Kommando von Cedric Greifenhorst zusammengestellt, der dabei ausdr\u00fccklich um die Teilnahme von Magister Scelletarius bat. Wie zuvor endete die Mission in einem Desaster, was Scelletarius und Greifenhorst dazu veranlasste die Reichsgarde zu verlassen. Kurz darauf gr\u00fcndete Scelletarius, Rabenschwinge und Greifenhorst den Bund zu Ayd Owl.<\/p>\n<\/div>\n<h2 id=\"raverna_rabenschwinge\" class=\"sectionedit4\">Raverna Rabenschwinge<\/h2>\n<div class=\"level2\">\n<p>Aus der der Vita von Magus Elementum et Medicam Raverna Rabenschwinge aus \u201eBer\u00fchmte Magier Engoniens\u201c Auflage 256<\/p>\n<p>\u00dcber Magistra Rabenschwinges Kindheit und Jugend wei\u00df man nicht sehr viel, au\u00dfer, dass sie sehr isoliert mit ihrer Zwillingsschwester Jeradil aus dem Stamm der Iepk in Andarra stammt und sowohl sie, als auch ihre Schwester unangefochten den Titel einer Hohepriesterin Aines tragen. Ihre Akademischen Titel verdankt sie dem Umstand des, als Greifenhorst Paradoxon in die Senatsgeschichte eingegangenen Ereignisses, innerhalb des Engonischen Senats. Senatorin Jeradils Kompetenzen bez\u00fcglich magischer Fragestellungen wurde im Senat offiziell von Cedric Greifenhorst bezweifelt, der als Reichsmagus anderen Magiern, die keine akademisch gepr\u00fcften Titel vorweisen konnte, schlicht das Recht zur Redefreiheit bzgl. magischer Themen vor dem Senat beschnitt. Daraufhin wurde er von Senatorin Rabenschwinge herausgefordert. Sie wollte an Akademien in verschiedene L\u00e4ndern reisen und dort die akademischen Pr\u00fcfungen ablegen und w\u00fcrde erst zur\u00fcckkehren, wenn Cedric Greifenhorst sie pers\u00f6nlich eingeholt, oder \u00fcberholt h\u00e4tte. Noch w\u00e4hrend Senatorin Jeradil vor dem Senat sprach reiste Greifenhorst zur ersten Akademie auf der Liste nach Grenzbrueck. Dort angekommen musste er festellen, dass Jeradil Rabenschwinge offensichtlich schon die Pr\u00fcfung abgelegt und vor Tagen weitergereist war. In Ravernien verpasst er sie wiederum kurz und schaffte es erst in Condra sie einzuholen, w\u00e4hrend sie dort an der Cantus Harmonae ihre Pr\u00fcfung ablegte. Zusammen kehrten sie nach Engonien zur\u00fcck, nur damit Greifenhort merken konnte, dass w\u00e4hrend der ganzen Zeit Jeradil als Senatorin in Engonia anwesend war und dort alle ihre Gesetzesvorhaben ohne den Widerstand Greifenhorsts durch den Senat bringen konnte. Erst Jahre sp\u00e4ter w\u00e4hrend des Tags der lebenden Toten in Andarra wurde offen bekannt, dass es sich bei den beiden Frauen um Zwillingsschwestern handelt und sie mit Greifenhorst das Igel und Hase Spiel gespielt hatten. Bis zu dem Zeitpunkt war das Greifenhorst Paradoxon einer der ungel\u00f6sten, und meist dikustierten R\u00e4tsel der magischen Fachwelt in Engonien.<\/p>\n<\/div>\n","protected":false},"excerpt":{"rendered":"<p>Im Jahre 253 nach Jeldrik gr\u00fcndeten drei der m\u00e4chtigsten Magier Engoniens den Bund zu Ayd Owl um die alte Akademie, die vor \u00fcber 250 Jahren aufgeh\u00f6rt hat zu existieren, wieder zu beleben. W\u00e4hrend sie in den ersten Jahren noch selber unterrichteten, so hat mittlerweile die Akademie eine Gr\u00f6\u00dfe erreicht, die es ihnen erlaubt hat die &hellip;<\/p>\n<p class=\"read-more\"> <a class=\"\" href=\"https:\/\/engonien.net\/engonienwiki\/?page_id=371\"> <span class=\"screen-reader-text\">Die drei Gro\u00dfmeister der Ayd Owl<\/span> Weiterlesen &raquo;<\/a><\/p>\n","protected":false},"author":1,"featured_media":0,"parent":0,"menu_order":0,"comment_status":"closed","ping_status":"closed","template":"","meta":[],"_links":{"self":[{"href":"https:\/\/engonien.net\/engonienwiki\/index.php?rest_route=\/wp\/v2\/pages\/371"}],"collection":[{"href":"https:\/\/engonien.net\/engonienwiki\/index.php?rest_route=\/wp\/v2\/pages"}],"about":[{"href":"https:\/\/engonien.net\/engonienwiki\/index.php?rest_route=\/wp\/v2\/types\/page"}],"author":[{"embeddable":true,"href":"https:\/\/engonien.net\/engonienwiki\/index.php?rest_route=\/wp\/v2\/users\/1"}],"replies":[{"embeddable":true,"href":"https:\/\/engonien.net\/engonienwiki\/index.php?rest_route=%2Fwp%2Fv2%2Fcomments&post=371"}],"version-history":[{"count":1,"href":"https:\/\/engonien.net\/engonienwiki\/index.php?rest_route=\/wp\/v2\/pages\/371\/revisions"}],"predecessor-version":[{"id":372,"href":"https:\/\/engonien.net\/engonienwiki\/index.php?rest_route=\/wp\/v2\/pages\/371\/revisions\/372"}],"wp:attachment":[{"href":"https:\/\/engonien.net\/engonienwiki\/index.php?rest_route=%2Fwp%2Fv2%2Fmedia&parent=371"}],"curies":[{"name":"wp","href":"https:\/\/api.w.org\/{rel}","templated":true}]}}