{"id":1439,"date":"2018-05-24T22:41:04","date_gmt":"2018-05-24T20:41:04","guid":{"rendered":"https:\/\/engonien.net\/website\/?page_id=1439"},"modified":"2020-07-06T20:57:27","modified_gmt":"2020-07-06T18:57:27","slug":"datenschutz","status":"publish","type":"page","link":"https:\/\/engonien.net\/website\/datenschutz\/","title":{"rendered":"Datenschutz"},"content":{"rendered":"<h2>Pr\u00e4ambel<\/h2>\n<p>Der Vorstand des Engonien e.V. ist verantwortlich f\u00fcr den Datenschutz auf dieser Website.&nbsp;<\/p>\n<p>(<i>Der folgende Absatz ist <del>geklaut<\/del> inspiriert.&nbsp;Und zwar von <strong><a href=\"https:\/\/ditze.net\/datenschutzerklaerung\/\" target=\"_blank\" rel=\"noopener noreferrer\">Ditze<\/a><\/strong>.<\/i>)<\/p>\n<blockquote><p>Bevor Du uns wegen eventuell fehlender, unvollst\u00e4ndiger oder nicht ausreichend durchdrungener Aspekte der DSGVO abmahnst, ber\u00fccksichtige bitte die Worte der zur Einf\u00fchrung der Verordnung zust\u00e4ndigen EU-Justizkommissarin V\u011bra Jourov\u00e1. <a href=\"https:\/\/www.zeit.de\/amp\/digital\/datenschutz\/2018-05\/vera-jourova-eu-kommissarin-datenschutz-grundverordnung-dsgvo?__twitter_impression=true\">Die sagte in einem Interview mit der ZEIT w\u00f6rtlich<\/a>: \u201eEs geht [bei der DSGVO] um gesunden Menschenverstand und Verh\u00e4ltnism\u00e4\u00dfigkeit. Wenn Ihnen jemand eine E-Mail schreibt und Ihnen zugesteht, dass Sie seine Daten verwenden d\u00fcrfen, dann ist doch klar, dass er Ihnen eine Einwilligung erteilt. Im \u00dcbrigen sanktionieren die Datenschutzbeauftragten nicht nur, sondern beraten auch. Meine Prognose ist, dass sich die Beh\u00f6rden auf die Anbieter konzentrieren, die den gr\u00f6\u00dften Schaden verursachen k\u00f6nnen, die die meisten Daten verarbeiten.\u201c<\/p>\n<p>Dar\u00fcber hinaus verweisen wir hier auch gerne auf eine Aussage des deutschen \u201eVaters\u201c der DSGVO, Jan Philipp Albrecht. <a href=\"https:\/\/www.janalbrecht.eu\/2018\/05\/dsgvo-haeufig-gestellte-fragen-haeufig-verbreitete-mythen\/\">Er schreibt in seinem Blog w\u00f6rtlich<\/a>: \u201eWas hingegen nicht eintreten wird, ist dass [\u2026] die Aufsichtsbeh\u00f6rden und irgendwelche Abmahnanw\u00e4lte pl\u00f6tzlich eine ganz andere Gangart gegen\u00fcber all den kleinen Unternehmen, Einzelunternehmern, Vereinen und Bloggern einlegen werden.\u201c Du darfst davon ausgehen, dass wir beiden Akteuren im Falle einer Abmahnung hiervon berichten werden.<\/p><\/blockquote>\n<p>Im Ernst, wir sind ein Larpverein. Datenschutz ist uns au\u00dferordentlich wichtig und wir nehmen Deine Privatsph\u00e4re, Dein Recht auf Selbstbestimmung auch im Internet und vor allem Dein Recht auf die Oberhoheit \u00fcber Deine Daten ernst. Wir bem\u00fchen uns nach bestem Wissen und Gewissen, Deine Daten zu sch\u00fctzen.<\/p>\n<p>Wenn Du dazu Fragen hast, kannst Du uns am besten \u00fcber vorstand@engonien.de erreichen.<\/p>\n<p>In den folgenden Zeilen findest Du unsere eigentliche Datenschutzerkl\u00e4rung.<\/p>\n<p><strong>Deine Rechte<\/strong><\/p>\n<p>Eines ist uns ganz, ganz wichtig: es sind Deine Daten. Was damit geschieht, bestimmst Du. Dennoch: Im Rahmen der Vorbereitung und Durchf\u00fchrung unserer Veranstaltungen m\u00fcssen wir ein Minimum an Daten erheben.&nbsp;<\/p>\n<p>Hier sind die Rechte, die Du inne hast:<\/p>\n<p>\u2022 Gem\u00e4\u00df Art. 15 DSGVO darfst Du jederzeit Auskunft \u00fcber die von uns verarbeiteten Daten verlangen. Wir m\u00fcssen auf Deine Anfrage hin offenlegen, welche Daten wir erheben, wie und warum wir sie verarbeiten, wer alles Zugriff drauf hat und wie lange (und auch warum) wir Deine Daten speichern. Auch, woher wir Deine Daten \u00fcberhaupt haben, m\u00fcssen wir offenlegen. Du kannst auch verlangen, dass wir die Verarbeitung Deiner Daten einschr\u00e4nken und \u00fcberhaupt, Du darfst uns tats\u00e4chlich auch gerne weiterf\u00fchrende Dinge fragen, wir antworten Dir gerne.<br \/>\n\u2022 gem\u00e4\u00df Art. 16 DSGVO darfst Du absolut unverz\u00fcglich die Berichtigung unrichtiger oder Vervollst\u00e4ndigung Deiner bereits bei uns gespeicherten personenbezogenen Daten verlangen.<br \/>\n\u2022 gem\u00e4\u00df Art. 17 DSGVO darfst Du jederzeit die L\u00f6schung Deiner Daten verlangen. Du musst uns nicht einmal sagen, weshalb Du das von uns m\u00f6chtest. Wir werden das dann auch sofort tun, wenn nichts dagegen spricht. Was k\u00f6nnte dagegen sprechen? Zum Einen die Erf\u00fcllung rechtlicher Verpflichtungen, oder wenn es ein \u00f6ffentliches Interesse an Deinen Daten gibt, und wahrscheinlich haben wir noch ein paar andere Schlupfl\u00f6cher, um Deine Daten nicht l\u00f6schen zu m\u00fcssen. Da wir aber nur ein kleiner Verein und kein gro\u00dfer Konzern mit einer riesigen Rechtsabteilung sind, werden wir einfach tun, was Du sagst, und Deine Daten vollumf\u00e4nglich l\u00f6schen.<br \/>\n\u2022 gem\u00e4\u00df Art. 18 DSGVO darfst du die Einschr\u00e4nkung der Verarbeitung Deiner personenbezogenen Daten verlangen. Dann liegen Deine Daten bei uns rum, und Du bist daf\u00fcr verantwortlich, dass sie korrekt sind. Wenn es ein berechtigtes Interesse deinerseits gibt, diese Daten nicht zu l\u00f6schen (zum Beispiel zur Geltendmachung, Aus\u00fcbung oder Verteidigung von Rechtsanspr\u00fcchen), dann d\u00fcrfen wir das auch nicht, sondern m\u00fcssen die Daten vorhalten.<br \/>\n\u2022 gem\u00e4\u00df Art. 20 DSGVO hast Du auch das Recht, eine \u00dcbermittlung Deiner Daten von uns zu fordern, und zwar in einem &#8222;maschinenlesbaren Format&#8220;, was Beamtendeutsch ist und eine csv-Datei meint. Oder ein \u00c4quivalent.<br \/>\n\u2022 gem\u00e4\u00df Art. 7 Abs. 3 DSGVO darfst Du nat\u00fcrlich jede Einwilligung, die Du uns erteilt hast, jederzeit widerrufen, und dann m\u00fcssen wir nat\u00fcrlich damit aufh\u00f6ren, das zu machen, wo Du fr\u00fcher eingewilligt hast, aber nun eben deine Einwilligung zu widerrufen hast. Was ein Satz!<br \/>\n\u2022 gem\u00e4\u00df Art. 77 DSGVO kannst Du Dich bei einer Aufsichtsbeh\u00f6rde beschweren. Im Schlimmsten Fall f\u00fchrt das dann dazu, dass wir horrende Strafen zahlen m\u00fcssen. Aber das haben wir dann verdient, denn dann haben wir dem Datenschutz nicht gen\u00fcge getan. Beschwere einreichen kannst Du meist bei Deiner lokalen Datenschutzbeh\u00f6rde, im Falle des Engonien e.V. w\u00e4re wahrscheinlich der Landesdatenschutzbeauftragte des Landes NRW der richtige Ansprechpartner. Du kannst aber auch einfach das Gespr\u00e4ch mit uns, unserem eigenen Datenschutzbeauftragten, oder mit einem Schlichter suchen.<\/p>\n<p>Auf den Seiten der Domain https:\/\/www.engonien.de bzw. https:\/\/www.engonien.net erheben wir an den folgenden Stellen pers\u00f6nliche Daten:<\/p>\n<p><strong>Welche Daten erheben wir?<\/strong><\/p>\n<p>Wie auf fast jeder Website wird Deine IP-Adresse, das Datum und die Uhrzeit des Website-Aufrufs, ggfs. auch das Betriebssystem Deines Ger\u00e4ts und der Name Deines Access-Providers in sogenannten Logfiles gespeichert. Wenn Du uns eine Email schreibst, dann, \u00f6h, haben wir Deine Email. Auf unserer Website gibt es keine Kontaktformulare. Unsere Veranstaltungsverwaltung (portal.engonien.de) bzw. jede Anmeldem\u00f6glichkeit zu unseren Veranstaltungen via Formular findet \u00fcber einen Drittanbieter (VereinOnline) statt, mit dem wir nat\u00fcrlich eine AVV geschlossen haben.<\/p>\n<p>Wir geben keine Daten an Dritte weiter, weder zu kommerziellen Zwecken noch einfach so.<\/p>\n<p><strong>Was tun wir mit Deinen Daten?<\/strong><\/p>\n<p>Das, was in den o.g. Logfiles gespeichert wird, dient dazu, den Websitebetrieb aufrecht zu erhalten. In unserer Vereinsverwaltung sieht das schon wieder anders aus, aber das findest Du in der gesonderten Datenschutzerkl\u00e4rung unter portal.engonien.de.<\/p>\n<p>Deine Email-Adresse, wenn Du uns denn schreibst, nutzen wir, um Dir zu antworten.&nbsp;<\/p>\n<p>Wenn Du Dich zu einer unserer Veranstaltungen anmeldest, nutzen wir Deine Daten, um Dir Informationen zu der Veranstaltung zukommen zu lassen, Dich im Falle von R\u00fcckfragen zu kontaktieren und auch, damit wir wissen, von wem wir Geld bekommen haben und von wem nicht.&nbsp;<\/p>\n<p><strong>Im Forum (https:\/\/forum.engonien.de)<\/strong><\/p>\n<p>Wenn Du Dich in unserem Forum anmeldest, musst Du eine g\u00fcltige Email-Adresse angeben. Die wird ausschlie\u00dflich dazu genutzt, damit Du die Funktionen unseres Forums (Private Nachrichten, Email-Benachrichtigungen bei abonnierten Threads, Passwortzur\u00fccksetzung, Ank\u00fcndigungen, &#8230;) vollumf\u00e4nglich und uneingeschr\u00e4nkt nutzen kannst. Wir werden Dir keine Email schreiben, die Du nicht ausdr\u00fccklich angefordert hast, und Du kannst auch einstellen, ob Du Deine Email \u00f6ffentlich anzeigen lassen m\u00f6chtest oder nicht. Der Default ist nat\u00fcrlich die nicht-\u00f6ffentliche Anzeige.<\/p>\n<p><strong>Im Vereinsportal (https:\/\/portal.engonien.de)<\/strong><\/p>\n<p>Das Portal wird durch einen externen Dienstleister betrieben. Die Subdomain leitet lediglich weiter. Zum Datenschutz in diesem Portal findest Du weitere Informationen in einer gesonderten Datenschutzerkl\u00e4rung, die dort einsehbar ist.<\/p>\n","protected":false},"excerpt":{"rendered":"<p>Pr\u00e4ambel Der Vorstand des Engonien e.V. ist verantwortlich f\u00fcr den Datenschutz auf dieser Website.&nbsp; (Der folgende Absatz ist geklaut inspiriert.&nbsp;Und zwar von Ditze.) Bevor Du uns wegen eventuell fehlender, unvollst\u00e4ndiger oder nicht ausreichend durchdrungener Aspekte der DSGVO abmahnst, ber\u00fccksichtige bitte die Worte der zur Einf\u00fchrung der Verordnung zust\u00e4ndigen EU-Justizkommissarin V\u011bra Jourov\u00e1. Die sagte in einem Interview mit der ZEIT w\u00f6rtlich: \u201eEs geht [bei der DSGVO] um gesunden Menschenverstand und Verh\u00e4ltnism\u00e4\u00dfigkeit. Wenn Ihnen jemand eine E-Mail schreibt und Ihnen zugesteht, dass Sie seine Daten verwenden d\u00fcrfen, dann ist doch klar, dass er Ihnen eine Einwilligung erteilt. Im \u00dcbrigen sanktionieren die Datenschutzbeauftragten nicht nur, sondern beraten auch. Meine Prognose ist, dass sich die Beh\u00f6rden auf die Anbieter konzentrieren, die den gr\u00f6\u00dften Schaden verursachen k\u00f6nnen, die die meisten Daten verarbeiten.\u201c Dar\u00fcber hinaus verweisen wir hier auch gerne auf eine Aussage des deutschen \u201eVaters\u201c der DSGVO, Jan Philipp Albrecht. Er schreibt in seinem Blog w\u00f6rtlich: \u201eWas hingegen nicht eintreten wird, ist dass [\u2026] die Aufsichtsbeh\u00f6rden und irgendwelche Abmahnanw\u00e4lte pl\u00f6tzlich eine ganz andere Gangart gegen\u00fcber all den kleinen Unternehmen, Einzelunternehmern, Vereinen und Bloggern einlegen werden.\u201c Du darfst davon ausgehen, dass wir beiden Akteuren im Falle einer Abmahnung hiervon berichten werden. Im Ernst, wir sind ein Larpverein. Datenschutz ist uns au\u00dferordentlich wichtig und wir nehmen Deine Privatsph\u00e4re, Dein Recht auf Selbstbestimmung auch im Internet und vor allem Dein Recht auf die Oberhoheit \u00fcber Deine Daten ernst. Wir bem\u00fchen uns nach bestem Wissen und Gewissen, Deine Daten zu sch\u00fctzen. Wenn Du dazu Fragen hast, kannst Du uns am besten \u00fcber vorstand@engonien.de erreichen.&hellip; <\/p>\n","protected":false},"author":6,"featured_media":0,"parent":0,"menu_order":0,"comment_status":"closed","ping_status":"closed","template":"","meta":{"ngg_post_thumbnail":0,"footnotes":""},"class_list":["post-1439","page","type-page","status-publish","hentry"],"jetpack_sharing_enabled":true,"_links":{"self":[{"href":"https:\/\/engonien.net\/website\/wp-json\/wp\/v2\/pages\/1439","targetHints":{"allow":["GET"]}}],"collection":[{"href":"https:\/\/engonien.net\/website\/wp-json\/wp\/v2\/pages"}],"about":[{"href":"https:\/\/engonien.net\/website\/wp-json\/wp\/v2\/types\/page"}],"author":[{"embeddable":true,"href":"https:\/\/engonien.net\/website\/wp-json\/wp\/v2\/users\/6"}],"replies":[{"embeddable":true,"href":"https:\/\/engonien.net\/website\/wp-json\/wp\/v2\/comments?post=1439"}],"version-history":[{"count":4,"href":"https:\/\/engonien.net\/website\/wp-json\/wp\/v2\/pages\/1439\/revisions"}],"predecessor-version":[{"id":19798,"href":"https:\/\/engonien.net\/website\/wp-json\/wp\/v2\/pages\/1439\/revisions\/19798"}],"wp:attachment":[{"href":"https:\/\/engonien.net\/website\/wp-json\/wp\/v2\/media?parent=1439"}],"curies":[{"name":"wp","href":"https:\/\/api.w.org\/{rel}","templated":true}]}}